In base 11, what is -2a88 + 3065?
88
In base 2, what is -1100111010001100000111100 - -10?
-1100111010001100000111010
In base 4, what is 223022010 - 10303?
223011101
In base 8, what is 71326 + -611?
70515
In base 13, what is -11173a39 + -a?
-11173a46
In base 14, what is -b6b15c7c + 5?
-b6b15c77
In base 11, what is -2 + -36a32391?
-36a32393
In base 8, what is 2 + 127203203?
127203205
In base 14, what is a - 2b6d43c?
-2b6d432
In base 12, what is 59026 + 5b6?
59620
In base 4, what is 33321030232232 - 11?
33321030232221
In base 13, what is 244 - 989?
-745
In base 6, what is -10333240 + 313?
-10332523
In base 10, what is 6157 - -628?
6785
In base 4, what is -2231023000 + -33?
-2231023033
In base 11, what is -6a5690aa + 1?
-6a5690a9
In base 12, what is -787 + -11109?
-11894
In base 16, what is 4177202a - 3?
41772027
In base 7, what is 31143553 - 13?
31143540
In base 3, what is 2102111010001000 - -20?
2102111010001020
In base 10, what is 4 - 2046273?
-2046269
In base 10, what is -396038 + -66?
-396104
In base 2, what is -10100000100011 - 101100100111?
-11001101001010
In base 8, what is -10 - 5563531?
-5563541
In base 11, what is -7a198a92 - -1?
-7a198a91
In base 14, what is -11 + -4c899c6?
-4c899d7
In base 8, what is -34044 - -7061?
-24763
In base 7, what is 3 - 11253653?
-11253650
In base 10, what is 2530 + 16?
2546
In base 12, what is -36b8a4 + -3?
-36b8a7
In base 10, what is 1151 - -2501?
3652
In base 10, what is -392 + -74283?
-74675
In base 7, what is 4 - -66632511?
66632515
In base 12, what is 617aa + 1?
617ab
In base 8, what is -57430 + 2756?
-54452
In base 16, what is c60d + -be?
c54f
In base 6, what is -55 + 1102101404?
1102101305
In base 7, what is 141 + 1641604?
1642045
In base 10, what is -181 + 6747?
6566
In base 7, what is -4 - -114332304?
114332300
In base 15, what is -ab59 + -13a?
-ac94
In base 7, what is -2 + 54644002?
54644000
In base 16, what is -510d7 + 6?
-510d1
In base 5, what is -10 - 1143314342?
-1143314402
In base 5, what is 241 + 1012140?
1012431
In base 11, what is -1 - 1074aa40?
-1074aa41
In base 14, what is 30 - -21b974?
21b9a4
In base 3, what is 11021010122200 - 201?
11021010121222
In base 12, what is -101 - 46676?
-46777
In base 2, what is -10011111 - 110101101011100001111?
-110101101011110101110
In base 2, what is 1100000001 - -11000100111110?
11010000111111
In base 13, what is -1 - 1a1c3c1?
-1a1c3c2
In base 11, what is 58a30 - 21a?
58811
In base 11, what is 38422489 + 4?
38422492
In base 11, what is -665070 - 15?
-665085
In base 11, what is 2 + -323248?
-323246
In base 6, what is 503 + 324521334?
324522241
In base 10, what is 1 + -2787235?
-2787234
In base 4, what is -110132 - -1332331?
1222133
In base 11, what is -966 + 46a3a?
46084
In base 2, what is 1 + -1111101111101110010?
-1111101111101110001
In base 15, what is 1315 + cd3a?
e150
In base 8, what is -164 + -2641666?
-2642052
In base 7, what is -22256653 + 24?
-22256626
In base 11, what is -3 + -1445859?
-1445861
In base 7, what is 1355 - 22664?
-21306
In base 2, what is -100101010101010101111110 + -1?
-100101010101010101111111
In base 3, what is 22122002201011001 - 21?
22122002201010210
In base 4, what is -1120020001332 - -1?
-1120020001331
In base 3, what is -12111222201110 - 1011?
-12111222202121
In base 3, what is -1122102 + -112101211201?
-112110111010
In base 7, what is -5 + 532244210?
532244202
In base 14, what is b64 + 1bb7c?
1c902
In base 11, what is a52718a7 + -1?
a52718a6
In base 9, what is 2 - -50470832?
50470834
In base 9, what is 442 - 757344?
-756802
In base 16, what is -3d - 9da?
-a17
In base 4, what is -2313210013 - 111?
-2313210130
In base 7, what is 30115403 - 1?
30115402
In base 12, what is -2 - -484127?
484125
In base 6, what is 411 - -51234145?
51235000
In base 7, what is -4206533 + 115?
-4206415
In base 10, what is 93351673 - -5?
93351678
In base 4, what is 120222 - -2030?
122312
In base 2, what is -1000110010111011000100000 + 11?
-1000110010111011000011101
In base 11, what is 133 - 136495?
-136362
In base 12, what is -3 + 2553a01?
25539ba
In base 8, what is -560 + -104626?
-105406
In base 14, what is 1 + 2867cb9?
2867cba
In base 13, what is -10 - a6457?
-a6467
In base 3, what is 220012021012210022 + -12?
220012021012210010
In base 12, what is 21473 + a8?
2155b
In base 9, what is -47 - 230361?
-230418
In base 14, what is 249355 + 680?
2499d5
In base 7, what is -1 - 5233431633?
-5233431634
In base 4, what is 31030 - -113101?
210131
In base 2, what is -100110110110110001101111 + -1?
-100110110110110001110000
In base 14, what is 4 - 4131010c?
-41310108
In base 15, what is 2ab2 - 127bd?
-ec0b
In base 4, what is -32320021 - -131?
-32313230
In base 13, what is -822 - 510?
-1032
In base 4, what is 120 - -320031123?
320031303
In base 14, what is 9 - 17797d9?
-17797d0
In base 13, what is -220a0 - -128?
-21c75
In base 2, what is -10 + 1010110000001100011110?
1010110000001100011100
In base 4, what is -13 + 11211220302?
11211220223
In base 16, what is 102a + 13e8?
2412
In base 10, what is 53680645 + -5?
53680640
In base 9, what is 12632 - -4437?
17170
In base 2, what is -1 + -10100100001100100000110?
-10100100001100100000111
In base 13, what is -3 - -4ca35a3?
4ca35a0
In base 8, what is -1417234 - 141?
-1417375
In base 9, what is -1524 + 3351?
1726
In base 6, what is -400 + 125335132?
125334332
In base 5, what is -131230 - 14041?
-200321
In base 11, what is 7700a7 - 9?
770099
In base 12, what is -5b9 - 117343?
-117940
In base 3, what is -2121110120102020 + 110?
-2121110120101210
In base 8, what is -577 - -52356?
51557
In base 5, what is 2011 - 212434?
-210423
In base 11, what is -19569331 - 2?
-19569333
In base 8, what is 501765 - -127?
502114
In base 6, what is -114543 + -21?
-115004
In base 8, what is -1015563 - 243?
-1016026
In base 10, what is 133251 - 4?
133247
In base 6, what is -2141 + -1250?
-3431
In base 6, what is -2315 + -2141132?
-2143451
In base 12, what is -109a8 - 1310?
-120b8
In base 4, what is -133000122 + -202?
-133000330
In base 6, what is 3 + 5303441413?
5303441420
In base 4, what is -23 + -111011312302?
-111011312331
In base 16, what is -848d1 - 7?
-848d8
In base 4, what is 0 - 21011011113121?
-21011011113121
In base 8, what is 14644 + 2241?
17105
In base 8, what is 465 + 260001?
260466
In base 6, what is 30 + 3203035050?
3203035120
In base 6, what is -25 + -415025351?
-415025420
In base 2, what is 110101111 - -1111010011101100?
1111011010011011
In base 7, what is 240322 - -11252?
251604
In base 9, what is 28 - 714128?
-714100
In base 9, what is 4 - -52145700?
52145704
In base 7, what is 3262 - -4066?
10361
In base 11, what is 67a74 + -3160?
64914
In base 2, what is 10 - 111011000110101000111111?
-111011000110101000111101
In base 5, what is 1201342 + 1104?
1203001
In base 3, what is -220122201 - -12211111?
-200211020
In base 12, what is -33b31 + b7?
-33a36
In base 15, what is 1 + 178642?
178643
In base 4, what is -23003333313 - 101?
-23010000020
In base 4, what is -100203 + -2233001?
-2333210
In base 2, what is -1000011100001000100101 + -1010?
-1000011100001000101111
In base 14, what is -a2a70 + 1b?
-a2a53
In base 5, what is 1134442 - 32403?
1102034
In base 16, what is 15494e7 + 4?
15494eb
In base 3, what is -2 + -11001000012110122?
-11001000012110201
In base 11, what is 592829 - -9a?
592918
In base 14, what is -d3d + 3d2a?
2dcb
In base 2, what is -111011000111110100 - -101000?
-111011000111001100
In base 11, what is -98014 + -2?
-98016
In base 12, what is -b2a8897a + 1?
-b2a88979
In base 3, what is 1 + -10102201211200?
-10102201211122
In base 6, what is -452352 + -4140?
-500532
In base 7, what is -12326 - 144601?
-160230
In base 13, what is -44b6a + -1a4?
-45041
In base 12, what is -1269765 - -3?
-1269762
In base 10, what is 355 - 17450?
-17095
In base 8, what is -2572 - 3030?
-5622
In base 7, what is -203342 + -1441?
-205113
In base 13, what is 14 + -1741c7?
-1741b3
In base 10, what is 25 + 86904?
86929
In base 5, what is 43002 - -423?
43430
In base 12, what is -a646ab - -2?
-a646a9
In base 6, what is -35421300 + -10?
-35421310
In base 3, what is -120110122 + 10001221221?
2111111022
In base 10, what is -743293 - -16?
-743277
In base 11, what is -8 - -2a273462?
2a273455
In base 11, what is -4 - 57a4a597?
-57a4a5a0
In base 7, wha